{"id":34,"date":"2012-05-15T00:55:44","date_gmt":"2012-05-14T22:55:44","guid":{"rendered":"http:\/\/www.preussen-chapter.de\/blog\/?page_id=34"},"modified":"2026-01-06T20:04:11","modified_gmt":"2026-01-06T19:04:11","slug":"home","status":"publish","type":"page","link":"https:\/\/www.preussen-chapter.de\/blog\/","title":{"rendered":"Home"},"content":{"rendered":"<p style=\"text-align: center;\"><strong><span style=\"color: #ff4800; font-family: Comic Sans MS; font-size: 28px;\">Willkommen beim<\/span><\/strong><\/p>\n<p style=\"text-align: center;\"><strong><span style=\"color: #ff4800; font-family: Comic Sans MS; font-size: 28px;\">&#8220;PREUSSEN CHAPTER POTSDAM&#8221;<\/span><\/strong><\/p>\n<div class=\"su-image-carousel  su-image-carousel-crop su-image-carousel-crop-16-10 su-image-carousel-adaptive su-image-carousel-slides-style-photo su-image-carousel-controls-style-dark su-image-carousel-align-center\" style=\"\" data-flickity-options='{\"groupCells\":true,\"cellSelector\":\".su-image-carousel-item\",\"adaptiveHeight\":false,\"cellAlign\":\"left\",\"prevNextButtons\":false,\"pageDots\":false,\"autoPlay\":4000,\"imagesLoaded\":true,\"contain\":true,\"selectedAttraction\":0.025,\"friction\":0.28}' id=\"su_image_carousel_69e1cba6a5d09\"><div class=\"su-image-carousel-item\"><div class=\"su-image-carousel-item-content\"><a href=\"https:\/\/www.preussen-chapter.de\/blog\/wp-content\/uploads\/2025\/02\/Chapter.jpg\" data-caption=\"\"><img loading=\"lazy\" decoding=\"async\" width=\"1521\" height=\"897\" src=\"https:\/\/www.preussen-chapter.de\/blog\/wp-content\/uploads\/2025\/02\/Chapter.jpg\" class=\"\" alt=\"\" srcset=\"https:\/\/www.preussen-chapter.de\/blog\/wp-content\/uploads\/2025\/02\/Chapter.jpg 1521w, https:\/\/www.preussen-chapter.de\/blog\/wp-content\/uploads\/2025\/02\/Chapter-300x177.jpg 300w, https:\/\/www.preussen-chapter.de\/blog\/wp-content\/uploads\/2025\/02\/Chapter-1024x604.jpg 1024w, https:\/\/www.preussen-chapter.de\/blog\/wp-content\/uploads\/2025\/02\/Chapter-768x453.jpg 768w\" sizes=\"auto, (max-width: 1521px) 100vw, 1521px\" \/><\/a><\/div><\/div><\/div><script id=\"su_image_carousel_69e1cba6a5d09_script\">if(window.SUImageCarousel){setTimeout(function() {window.SUImageCarousel.initGallery(document.getElementById(\"su_image_carousel_69e1cba6a5d09\"))}, 0);}var su_image_carousel_69e1cba6a5d09_script=document.getElementById(\"su_image_carousel_69e1cba6a5d09_script\");if(su_image_carousel_69e1cba6a5d09_script){su_image_carousel_69e1cba6a5d09_script.parentNode.removeChild(su_image_carousel_69e1cba6a5d09_script);}<\/script>\n<p><!-- \n\n<p style=\"text-align: center;\">[su_image_carousel source=\"media: 4968,4978,4976\" limit=\"100\" slides_style=\"photo\" crop=\"none\" align=\"center\" captions=\"yes\" image_size=\"Full\"]\n\n --><\/p>\n<p style=\"text-align: justify;\">Das Preussen Chapter Potsdam ist ein HOG-Chapter, das Anfang 2004 von einer kleinen Gruppe HOGGIES gegr\u00fcndet wurde. Der Name bezieht sich auf den Standort des Sponsoring Dealer &#8220;Mike\u00b4s Bike House&#8221; und die traditionelle Bezeichnung des weitl\u00e4ufigen Umlandes, aus dem die meisten Member kommen.<br \/>\nIm Januar 2004 gr\u00fcndeten damals 8 Member das Preussen Chapter Genthin.<br \/>\nDie Gr\u00fcndung fand noch in Genthin statt, da unser Sponsoring Dealer &#8220;Mike\u00b4s Bike House&#8221; dort im Gewerbegebiet mit einem kleinen Gesch\u00e4ft mit Werkstatt ziemlich bescheiden angefangen hat, so wie wir auch.<br \/>\nIm Laufe der Jahre kamen immer mal neue Member hinzu, andere traten wieder aus.<br \/>\nIm Jahr 2008 ist unser Sponsoring Dealer &#8220;Mike\u00b4s Bike House&#8221; von Genthin nach Potsdam umgezogen, was auch zur Namens\u00e4nderung des Chapters f\u00fchrte.<br \/>\nDie Member des Preussen Chapter Potsdam treffen sich regelm\u00e4\u00dfig jeden ersten Samstag im Monat bei Mike in Potsdam.<br \/>\nWir machen regelm\u00e4\u00dfig im Jahr Auftakt- und Abschlu\u00dftouren, besuchen andere Chapter zu ihren Events, sind einmal im Jahr in kleinen Gruppen auf meist 14-t\u00e4gigen Auslandstouren unterwegs, hinzu kommen kleinere Wochenend- bzw. Tagestouren.<br \/>\nSo kann es durchaus passieren, dass man am Ende des Jahres 10.000 km mehr auf dem Tacho hat.<br \/>\nFester Bestandteil unseres Chapterlebens ist auch die Weihnachtsfeier mit Bowling und \u00dcbernachtung.<br \/>\nVom 23. bis 25.05.2014 feierten wir im \u201eSandbergtreff\u201c, einer Ferienanlage mit Bungalows und Apartments bei K\u00f6nigswusterhausen, O.T. K\u00f6rbiskrug, mit \u00fcber 100 G\u00e4sten aus vielen befreundeten Chaptern unser 10-j\u00e4hriges Bestehen.<br \/>\nSeit 18.10.2022 ist auch unser Charity Projekt mit der GmbH Lebenshilfe Wohnst\u00e4tten Barnim &#8211; Heidehaus in Gross Sch\u00f6nebeck fester Bestandteil unseres Chapter Lebens geworden!<br \/>\nWir haben ein sehr gutes Vertrauensverh\u00e4ltnis zu den Betreuern, den Kindern, sowie den Jugendlichen Bewohner8hinen und Bewohnern der Lebenshilfe  Einrichtung aufbauen k\u00f6nnen!<br \/>\nAuf das j\u00e4hrliche Sommerfest freuen sich alle sehr!<br \/>\nVom 31.05. bis 02.06.2024 haben wir mit rund 150 G\u00e4sten aus 16 befreundeten Chaptern unser 20-j\u00e4hriges Bestehen im Seezeit-Resort in Joachimsthal am Werbelinsee gefeiert.<br \/>\nDas Preussen Chapter Potsdam ist mittlerweile erwachsen geworden. Vom kleinen famili\u00e4ren Chapter bestehend aus 8 Membern zu einem Chapter mit 38 Membern. Den famili\u00e4ren Charakter haben wir uns trotz der wachsenden Memberzahlen erhalten.<br \/>\nAuch wenn in den letzten 20 Jahren nicht alles einfach war, (einfach kann jeder) so bleibt doch das gute Gef\u00fchl, mit Freunden das Richtige zu tun.<\/p>\n<p style=\"text-align: justify;\">Bisherige, sowie k\u00fcnftige Aktivit\u00e4ten des Chapter werden diese Seiten bef\u00fcllen und f\u00fcr ein kurzweiliges, aber auch informatives Lesevergn\u00fcgen sorgen.<\/p>\n<p style=\"text-align: center;\"><strong><span style=\"color: #ff4800;\">Wir w\u00fcnschen allen Bikern eine unfallfreie Saison 2026!<\/span><\/strong><\/p>\n","protected":false},"excerpt":{"rendered":"<p>Willkommen beim &#8220;PREUSSEN CHAPTER POTSDAM&#8221; Das Preussen Chapter Potsdam ist ein HOG-Chapter, das Anfang 2004 von einer kleinen Gruppe HOGGIES gegr\u00fcndet wurde. Der Name bezieht sich auf den Standort des Sponsoring Dealer &#8220;Mike\u00b4s Bike House&#8221; und die traditionelle Bezeichnung des weitl\u00e4ufigen Umlandes, aus dem die meisten Member kommen. Im Januar 2004 gr\u00fcndeten damals 8 Member [&hellip;]<\/p>\n","protected":false},"author":1,"featured_media":0,"parent":0,"menu_order":0,"comment_status":"closed","ping_status":"closed","template":"","meta":{"footnotes":""},"class_list":["post-34","page","type-page","status-publish","hentry","post"],"_links":{"self":[{"href":"https:\/\/www.preussen-chapter.de\/blog\/index.php?rest_route=\/wp\/v2\/pages\/34","targetHints":{"allow":["GET"]}}],"collection":[{"href":"https:\/\/www.preussen-chapter.de\/blog\/index.php?rest_route=\/wp\/v2\/pages"}],"about":[{"href":"https:\/\/www.preussen-chapter.de\/blog\/index.php?rest_route=\/wp\/v2\/types\/page"}],"author":[{"embeddable":true,"href":"https:\/\/www.preussen-chapter.de\/blog\/index.php?rest_route=\/wp\/v2\/users\/1"}],"replies":[{"embeddable":true,"href":"https:\/\/www.preussen-chapter.de\/blog\/index.php?rest_route=%2Fwp%2Fv2%2Fcomments&post=34"}],"version-history":[{"count":17,"href":"https:\/\/www.preussen-chapter.de\/blog\/index.php?rest_route=\/wp\/v2\/pages\/34\/revisions"}],"predecessor-version":[{"id":9606,"href":"https:\/\/www.preussen-chapter.de\/blog\/index.php?rest_route=\/wp\/v2\/pages\/34\/revisions\/9606"}],"wp:attachment":[{"href":"https:\/\/www.preussen-chapter.de\/blog\/index.php?rest_route=%2Fwp%2Fv2%2Fmedia&parent=34"}],"curies":[{"name":"wp","href":"https:\/\/api.w.org\/{rel}","templated":true}]}}